{"id":110,"date":"2020-03-09T11:22:03","date_gmt":"2020-03-09T11:22:03","guid":{"rendered":"https:\/\/nueva.vindicas.com\/?page_id=110"},"modified":"2020-03-10T08:58:00","modified_gmt":"2020-03-10T08:58:00","slug":"sobre-nosotros","status":"publish","type":"page","link":"https:\/\/vindicas.com\/?page_id=110","title":{"rendered":"Sobre Nosotros"},"content":{"rendered":"<div class=\"wpb-content-wrapper\"><p>[vc_row][vc_column][vc_column_text]<\/p>\n<h2 style=\"text-align: center;\"><span style=\"color: #800000;\"><strong>\u00bfQU\u00c9 ES VIN<\/strong><\/span><span style=\"color: #595959;\"><strong>DI<\/strong><\/span><span style=\"color: #800000;\"><strong>CAS?<\/strong><\/span><\/h2>\n<p>[\/vc_column_text][\/vc_column][\/vc_row][vc_row][vc_column width=\u00bb1\/2&#8243;][vc_column_text]<\/p>\n<div class=\"row\">\n<div class=\"col-md-4 texto-sobre-nosotros text-center\">\n<div class=\"col-md-5 texto-sobre-nosotros\">\n<p class=\"western\" align=\"justify\">Vindicas es una asociaci\u00f3n sin \u00e1nimo de lucro, fundada en el 2012, y que est\u00e1 formada por los distribuidores de vinos de calidad en Castell\u00f3n, cuya actividad empresarial es de gran importancia pues dirigimos nuestros servicios a la hosteler\u00eda y sector tur\u00edstico de la provincia.<\/p>\n<p class=\"western\" align=\"justify\">Vinos de la tierra, de calidad, de pago y de todas las denominaciones de origen forman el abanico de referencias que distribuimos por todos los restaurantes, hoteles, bares y tiendas especializadas de la provincia de Castell\u00f3n.<\/p>\n<p class=\"western\" align=\"justify\">Uno de los principales objetivos de Vindicas es la promoci\u00f3n de la \u00abCultura del Vino\u00bb mediante la organizaci\u00f3n de eventos, ferias, catas, cursos, &#8230; y de este modo colaborar con el sector hostelero y tur\u00edstico de la provincia, destacando la celebraci\u00f3n todos los a\u00f1os (en el mes de Noviembre) de la \u201cSinfon\u00eda de los Vinos\u201d, evento dirigido tanto a profesionales del sector como a aficionados, en donde se catan y degustan cientos de vinos de todos los rincones de Espa\u00f1a y que goza de un gran \u00e9xito de p\u00fablico.<\/p>\n<p class=\"western\" align=\"justify\">Adem\u00e1s, Vindicas tiene un compromiso social con la formaci\u00f3n, colaboramos con los alumnos de la Escuela de Hosteler\u00eda de Castell\u00f3n y con Gasma, en sus proyectos educativos de los futuros profesionales.<\/p>\n<p class=\"western\" align=\"justify\">Tambi\u00e9n est\u00e1n entre nuestros fines y objetivos la defensa de nuestros intereses empresariales, la formaci\u00f3n de nuestros asociados, la mejora en nuestra profesi\u00f3n, etc.<\/p>\n<\/div>\n<\/div>\n<\/div>\n<p>[\/vc_column_text][\/vc_column][vc_column width=\u00bb1\/2&#8243;][vc_single_image image=\u00bb45&#8243; img_size=\u00bbfull\u00bb][vc_single_image image=\u00bb112&#8243; img_size=\u00bb800&#215;670&#8243;][vc_single_image image=\u00bb113&#8243; img_size=\u00bb800&#215;670&#8243;][\/vc_column][\/vc_row]<\/p>\n<\/div>","protected":false},"excerpt":{"rendered":"<p>[vc_row][vc_column][vc_column_text] \u00bfQU\u00c9 ES VINDICAS? [\/vc_column_text][\/vc_column][\/vc_row][vc_row][vc_column width=\u00bb1\/2&#8243;][vc_column_text] Vindicas es una asociaci\u00f3n sin \u00e1nimo de lucro, fundada en el 2012, y que est\u00e1 formada por los distribuidores de vinos de calidad en Castell\u00f3n, cuya actividad empresarial es de gran importancia pues dirigimos nuestros servicios a la hosteler\u00eda y sector tur\u00edstico de la provincia. Vinos de la tierra,&hellip;<\/p>\n","protected":false},"author":1,"featured_media":0,"parent":0,"menu_order":0,"comment_status":"closed","ping_status":"closed","template":"","meta":{"footnotes":""},"class_list":["post-110","page","type-page","status-publish","hentry","description-off"],"_links":{"self":[{"href":"https:\/\/vindicas.com\/index.php?rest_route=\/wp\/v2\/pages\/110","targetHints":{"allow":["GET"]}}],"collection":[{"href":"https:\/\/vindicas.com\/index.php?rest_route=\/wp\/v2\/pages"}],"about":[{"href":"https:\/\/vindicas.com\/index.php?rest_route=\/wp\/v2\/types\/page"}],"author":[{"embeddable":true,"href":"https:\/\/vindicas.com\/index.php?rest_route=\/wp\/v2\/users\/1"}],"replies":[{"embeddable":true,"href":"https:\/\/vindicas.com\/index.php?rest_route=%2Fwp%2Fv2%2Fcomments&post=110"}],"version-history":[{"count":20,"href":"https:\/\/vindicas.com\/index.php?rest_route=\/wp\/v2\/pages\/110\/revisions"}],"predecessor-version":[{"id":234,"href":"https:\/\/vindicas.com\/index.php?rest_route=\/wp\/v2\/pages\/110\/revisions\/234"}],"wp:attachment":[{"href":"https:\/\/vindicas.com\/index.php?rest_route=%2Fwp%2Fv2%2Fmedia&parent=110"}],"curies":[{"name":"wp","href":"https:\/\/api.w.org\/{rel}","templated":true}]}}